 38.
15
What is the remainder when 2284 is divided by 330?
304
Calculate the remainder when 31831 is divided by 673.
200
What is the remainder when 3166 is divided by 208?
46
Calculate the remainder when 318458 is divided by 28.
14
What is the remainder when 4082 is divided by 515?
477
What is the remainder when 12159 is divided by 66?
15
What is the remainder when 28146 is divided by 51?
45
Calculate the remainder when 7899 is divided by 2604.
87
What is the remainder when 1065 is divided by 30?
15
What is the remainder when 517984 is divided by 258978?
28
Calculate the remainder when 39251 is divided by 1545.
626
What is the remainder when 74167 is divided by 97?
59
Calculate the remainder when 33892 is divided by 440.
12
Calculate the remainder when 2656 is divided by 365.
101
Calculate the remainder when 68684 is divided by 345.
29
Calculate the remainder when 85030 is divided by 24.
22
What is the remainder when 577 is divided by 119?
101
Calculate the remainder when 764 is divided by 83.
17
What is the remainder when 21996 is divided by 386?
380
Calculate the remainder when 17053 is divided by 3387.
118
What is the remainder when 107925 is divided by 430?
425
What is the remainder when 1038 is divided by 297?
147
What is the remainder when 192478 is divided by 225?
103
Calculate the remainder when 143733 is divided by 323.
321
What is the remainder when 643 is divided by 65?
58
What is the remainder when 4198 is divided by 419?
8
Calculate the remainder when 8565 is divided by 31.
9
Calculate the remainder when 972 is divided by 166.
142
Calculate the remainder when 109321 is divided by 59.
53
Calculate the remainder when 707482 is divided by 174.
172
What is the remainder when 20356 is divided by 91?
63
Calculate the remainder when 4434 is divided by 56.
10
Calculate the remainder when 1483917 is divided by 18.
15
Calculate the remainder when 1470 is divided by 470.
60
What is the remainder when 1241002 is divided by 1589?
1582
What is the remainder when 5323 is divided by 17?
2
What is the remainder when 192699 is divided by 64226?
21
What is the remainder when 218014 is divided by 24222?
16
What is the remainder when 7950 is divided by 295?
280
What is the remainder when 65737 is divided by 38?
35
Calculate the remainder when 49005 is divided by 329.
313
Calculate the remainder when 113006 is divided by 373.
360
What is the remainder when 2681 is divided by 76?
21
Calculate the remainder when 381974 is divided by 275.
274
Calculate the remainder when 14169 is divided by 28.
1
Calculate the remainder when 9555 is divided by 1938.
1803
Calculate the remainder when 8538 is divided by 295.
278
Calculate the remainder when 120765 is divided by 3178.
1
What is the remainder when 7017 is divided by 31?
11
Calculate the remainder when 7911 is divided by 208.
7
What is the remainder when 303035 is divided by 837?
41
What is the remainder when 13519 is divided by 450?
19
Calculate the remainder when 2340 is divided by 12.
0
What is the remainder when 6593 is divided by 939?
20
Calculate the remainder when 937 is divided by 286.
79
What is the remainder when 1111 is divided by 112?
103
Calculate the remainder when 2142795 is divided by 626.
623
Calculate the remainder when 4748 is divided by 71.
62
What is the remainder when 22680 is divided by 58?
2
Calculate the remainder when 10225118 is divided by 160.
158
Calculate the remainder when 195701 is divided by 15.
11
What is the remainder when 5991 is divided by 20?
11
Calculate the remainder when 2009 is divided by 466.
145
What is the remainder when 2008 is divided by 69?
7
What is the remainder when 2231 is divided by 46?
23
What is the remainder when 141795 is divided by 108?
99
Calculate the remainder when 79991 is divided by 101.
100
What is the remainder when 5352 is divided by 140?
32
Calculate the remainder when 93807 is divided by 164.
163
Calculate the remainder when 1312 is divided by 53.
40
What is the remainder when 2790 is divided by 607?
362
What is the remainder when 944 is divided by 944?
0
What is the remainder when 16316 is divided by 48?
44
Calculate the remainder when 7835 is divided by 7812.
23
Calculate the remainder when 9301 is divided by 5.
1
Calculate the remainder when 4084 is divided by 687.
649
Calculate the remainder when 1880076 is divided by 331.
327
What is the remainder when 6863 is divided by 6852?
11
What is the remainder when 1890 is divided by 306?
54
What is the remainder when 11817 is divided by 442?
325
Calculate the remainder when 175494 is divided by 63.
39
What is the remainder when 722436 is divided by 87?
75
What is the remainder when 22298 is divided by 259?
24
What is the remainder when 126591 is divided by 242?
25
What is the remainder when 987 is divided by 244?
11
What is the remainder when 177 is divided by 102?
75
Calculate the remainder when 431 is divided by 139.
14
What is the remainder when 20423 is divided by 1074?
17
Calculate the remainder when 4473778 is divided by 37.
34
What is the remainder when 2289 is divided by 101?
67
What is the remainder when 420 is divided by 18?
6
What is the remainder when 50927 is divided by 31?
25
Calculate the remainder when 1409 is divided by 310.
169
What is the remainder when 682251 is divided by 607?
590
Calculate the remainder when 28252 is divided by 199.
193
Calculate the remainder when 312674 is divided by 29.
25
What is the remainder when 167467 is divided by 9?
4
Calculate the remainder when 11575 is divided by 30.
25
What is the remainder when 6209 is divided by 6183?
26
What is the remainder when 297 is divided by 221?
76
Calculate the remainder when 4820 is divided by 985.
880
What is the remainder when 44311 is divided by 8?
7
What is the remainder when 36578 is divided by 13?
9
What is the remainder when 184965 is divided by 3032?
13
What is the remainder when 5502 is divided by 289?
11
What is the remainder when 2096 is divided by 239?
184
What is the remainder when 8031 is divided by 13?
10
Calculate the remainder when 925369 is divided by 2152.
9
Calculate the remainder when 3009 is divided by 86.
85
Calculate the remainder when 3020 is divided by 1041.
938
Calculate the remainder when 29614 is divided by 29576.
38
Calculate the remainder when 1055 is divided by 206.
25
What is the remainder when 3138 is divided by 9?
6
What is the remainder when 3592 is divided by 364?
316
Calculate the remainder when 45926 is divided by 202.
72
What is the remainder when 9741 is divided by 59?
6
Calculate the remainder when 47030 is divided by 198.
104
What is the remainder when 3450 is divided by 808?
218
What is the remainder when 278 is divided by 89?
11
What is the remainder when 1053 is divided by 243?
81
What is the remainder when 900 is divided by 258?
126
What is the remainder when 132212 is divided by 1810?
82
What is the remainder when 18348 is divided by 1201?
333
What is the remainder when 21868 is divided by 398?
376
What is the remainder when 18720 is divided by 54?
36
What is the remainder when 31746 is divided by 294?
288
Calculate the remainder when 26043 is divided by 167.
158
Calculate the remainder when 2332 is divided by 69.
55
Calculate the remainder when 2992 is divided by 296.
32
Calculate the remainder when 3638 is divided by 357.
68
Calculate the remainder when 153638 is divided by 76816.
6
Calculate the remainder when 80502 is divided by 13407.
60
What is the remainder when 16595 is divided by 554?
529
What is the remainder when 45569 is divided by 42?
41
What is the remainder when 3367 is divided by 1012?
331
What is the remainder when 42450 is divided by 3265?
5
Calculate the remainder when 149985 is divided by 88.
33
What is the remainder when 165243 is divided by 15022?
1
Calculate the remainder when 1133 is divided by 27.
26
What is the remainder when 47552 is divided by 29?
21
What is the remainder when 126445 is divided by 75?
70
Calculate the remainder when 5452 is divided by 203.
174
What is the remainder when 148881 is divided by 4?
1
What is the remainder when 23540 is divided by 302?
286
What is the remainder when 29118 is divided by 233?
226
Calculate the remainder when 210182 is divided by 344.
342
What is the remainder when 7764 is divided by 1920?
84
Ca